- t = 0, 3*p - 5*q - 91 = 0. Is p composite?
False
Let a = 651 - 214. Is a a composite number?
True
Let l be -10 + (2 - (0 - -1)). Let b(a) = 2*a**2 + 8*a - 1. Is b(l) a prime number?
True
Let r be 4/(-14) + (-11246)/(-14). Let y(s) = -9*s**3 - s**2 - s. Let v be y(-1). Is r/v + 2/(-9) composite?
False
Let b(o) be the third derivative of -31*o**4/24 - 3*o**2. Is b(-7) a prime number?
False
Let y be ((-873)/(-4))/((-2)/(-8)). Suppose -291 = 4*f - 5*f - 4*p, 3*f + 3*p - y = 0. Is f composite?
True
Suppose 5*q - 4325 - 2480 = 0. Is q a prime number?
True
Let p = -458 - -1245. Is p a composite number?
False
Let b be 0*1*3/3. Suppose 0 = -3*m + 3*o - 9, -3*m + o + 1 = -b*m. Suppose 3*k = 4*w - 94, m*w + 3*k = -w + 60. Is w composite?
True
Let j be 5/(-2)*(1 - -1). Let o = 36 + j. Is o a composite number?
False
Suppose 3*m - 18 = 6. Let a(s) = -6*s - 7 - 8 + m. Is a(-5) composite?
False
Let r(x) be the second derivative of -x**4/12 + 23*x**3/6 - 11*x**2/2 + 4*x. Is r(11) composite?
True
Let u = 219 + 428. Is u a composite number?
False
Let c = 3028 + -1461. Is c a composite number?
False
Let v(g) = -g**3 + 9*g**2 - 7*g - 6. Suppose -9 = 3*j, 5*j = -6*u + 4*u + 1. Let y be v(u). Suppose 4*r = -3*q + 6, 0 = -3*q + y*q + 5*r + 2. Is q composite?
False
Suppose -5*q - 3 = -3*o + 7, 5*q + 4*o = 25. Let f(j) = 5*j + 1. Is f(q) a prime number?
False
Let s be 3 + 1 + 2 + -2. Suppose 405 - 97 = s*n. Is n composite?
True
Let g(k) = 3*k**3 - 1 - 5 - 9*k - 7*k**2 - 4*k**3. Let z be g(-6). Let p = z - -9. Is p composite?
True
Suppose 4*r - 28 = 4*c, 0 = 2*r - 2. Let x be c/(-9) - (-4232)/6. Let h = -495 + x. Is h a composite number?
False
Suppose -4*f + 525 = t - 2*f, 0 = t + 3*f - 529. Is t prime?
False
Let t be 1/2 - (-973)/14. Suppose l + 36 = -l + 4*n, 3*l + 2*n + t = 0. Let j = l + 44. Is j a composite number?
True
Suppose 8*n = 4*n + 5048. Is n a composite number?
True
Suppose -248 = -4*d - 3*s, 3*d - 2*d + s - 62 = 0. Suppose -2*t = -8 - d. Is t prime?
False
Let h(a) = -1. Let k(m) = m**2 - m + 2. Let s(o) = 2*h(o) + k(o). Let u be s(-2). Suppose -x = -u*x + 185. Is x a composite number?
False
Suppose -12 = -3*w - 3*g, -4*w - 2*g = -4*g - 4. Let j = 4 - w. Suppose 0 = l + j*l - 105. Is l a composite number?
True
Suppose -s + 3*s - 20 = 0. Let n = s - 66. Is 0 - (2 + n + 1) a composite number?
False
Let x(t) be the third derivative of -t**6/120 - t**5/15 - t**4/12 - t**3/3 - t**2. Is x(-5) a composite number?
True
Let r = -1028 + 2179. Is r prime?
True
Let d be -4*(2 - (-39)/(-12)). Suppose -d*m + 349 = -576. Is m composite?
True
Let c = 2863 - 1668. Is c a composite number?
True
Let z(h) = -3 + 3 - h + 6 - 2. Let v be z(0). Is 354/v + (-9)/6 a prime number?
False
Let q(o) = -5*o + 2. Let y(h) = 14*h - 6. Let l(u) = 11*q(u) + 4*y(u). Let v be l(5). Suppose -v*a = -6*a + 39. Is a a composite number?
False
Let d be 0 + 2 - (-7)/(-1). Is (-2)/d + 366/10 prime?
True
Let t = 15 + -7. Suppose -215 = t*g - 3*g. Let k = g - -64. Is k composite?
True
Let l(q) = -q**3 + 7*q**2 + 6*q + 5. Is l(-3) prime?
False
Suppose 4*b = -4*h + 960, -b + 6*b = 5*h - 1160. Suppose -3*s + s = -h. Is s a composite number?
True
Suppose 73*w - 68*w - 6205 = 0. Is w prime?
False
Let i(r) = r**2 + 6. Let x(o) = -o**3 + 6*o**2 + 8*o - 4. Let f be x(7). Suppose -s + 5*t - 50 = 4*s, 15 = f*t. Is i(s) a prime number?
True
Let y(b) = 4*b**2 - 6*b + 5. Is y(-6) composite?
True
Suppose -3*d + 6*d = 15. Suppose d*l = 10*l + u - 22, 8 = l - u. Suppose 4*r + 21 = l*r. Is r a composite number?
True
Let q = 3 + 0. Suppose q*a + 2*m - 124 = a, 0 = 5*m + 25. Is a composite?
False
Suppose 3*z - 3*q = 411, 0 = -4*z + 2*q + 3*q + 548. Let n = -10 + z. Is n a prime number?
True
Let o = -2787 + 7472. Is o prime?
False
Let o(i) = -9*i**2 + 10*i + 5. Let m(s) = -4*s**2 + 5*s + 2. Let b(k) = -13*m(k) + 6*o(k). Let r be b(-4). Let d(p) = -3*p - 1. Is d(r) a prime number?
True
Let v = -7 + 42. Is v prime?
False
Let u(i) = -i**2 - 5*i + 5. Let a be u(-5). Is a/(10/188) + -3 composite?
True
Let v(l) = -51*l + 1. Is v(-6) composite?
False
Let u(h) = 418*h**2 + h. Is u(1) a prime number?
True
Let v(p) = -5*p - 1. Let g(x) = -x**2 + x - 1. Let r be g(3). Is v(r) a composite number?
True
Let o = -10 - -108. Suppose 4*a - 112 = 4*x, -5*a + o = 2*x - 70. Let s = 89 - a. Is s a prime number?
False
Let q(p) = 2*p**2 - 8*p. Is q(5) composite?
True
Let x(u) = -u**2 + 9*u + 3. Suppose p + 3*p - 36 = 0. Let y be x(p). Suppose 0 = -6*c + y*c + 237. Is c composite?
False
Let b = -1467 + 2506. Is b composite?
False
Is 8*2/4 - -477 a prime number?
False
Let z = 24 + -34. Let n be (-1628)/z + 1/5. Suppose n = 3*o - 2*o. Is o a prime number?
True
Suppose 1905 = 5*r + 3*q, 0 = -q + 5*q. Is r a composite number?
True
Let y = -339 + 602. Is y a prime number?
True
Suppose -4*v + 4 = 4*k, -3*v - 1 = -5*v - 3*k. Suppose 93 = v*l - l. Is l a composite number?
True
Suppose -4*d = -5*d + 37. Is d composite?
False
Suppose 741 = 2*i - 5*i. Let f = i + 360. Is f prime?
True
Let i(y) = -y**3 - 4*y**2 + 6*y + 4. Is i(-7) prime?
True
Let q be (-8 + 3718)*(-4)/(-10). Suppose q = 5*a - a. Is a prime?
False
Let f = 1476 - 879. Suppose -w - f - 432 = -4*q, -5*w - 519 = -2*q. Is q prime?
True
Let c(s) = -s**3 - 2*s**2 + 3*s + 1. Is c(-9) prime?
True
Let t(m) = 4*m**2 + 2*m - 7. Is t(-5) prime?
True
Let m(y) = y**3 + 4*y**2 + 2*y - 2. Let v be m(-2). Suppose 5*x + v*d - 15 = 732, -5*d = -5. Is x a composite number?
False
Let x be (1 - (-9 + -2))*-1. Is ((-99)/x - -1)*4 prime?
True
Let a(n) be the first derivative of 14*n**3/3 - 5*n**2/2 - 8*n + 4. Is a(5) a prime number?
True
Let d be 3/9 - (-32)/3. Let c be (d + 4/(-2))*-1. Is 15/c*3*-13 a prime number?
False
Suppose -z - 333 = -2*d, -2*d - 4*z + 273 + 65 = 0. Let u be 8/(-28) + 60/14. Suppose i = 4*r + 51, -u*i - 2*r = -i - d. Is i prime?
False
Suppose 4*z - 5*m = -7 + 1, 4*z - 4*m = -8. Let h = z - -4. Suppose h = -4*n - 5*a + 90, -2*n - a = 1 - 49. Is n prime?
False
Let d(c) = c**2 - 12*c + 10. Let b be d(11). Let m be 0*3/6*b. Suppose m = 4*v + v - 385. Is v prime?
False
Suppose 51 = -0*i - 3*i. Let x = 6 - i. Let r = 33 - x. Is r a composite number?
True
Suppose u = 4*x + 11, -3*u + 2*x + 44 = x. Is u composite?
True
Let p be 1190/(-4) - (-2)/(-4). Let i = 549 + p. Is i composite?
False
Let k = 14 + -10. Let r = k - 2. Is (4/r + -79)/(-1) prime?
False
Suppose 4*i = -5*j + 36 + 1865, 4*i + 3*j = 1907. Is i prime?
True
Let w = -298 - -930. Suppose 4*x + 188 = w. Is x composite?
True
Is 5*(3 - 24)/(-3) composite?
True
Let d(k) = k**3 - 12*k**2 + 6*k + 10. Let a(x) = x**3 - 12*x**2 + 5*x + 11. Let s(c) = -3*a(c) + 4*d(c). Is s(12) a composite number?
True
Suppose -4*u = -5*k + 76221, -3*k + 3*u + 20915 = -24817. Is k a prime number?
False
Let p(q) = -2*q + 16. Let k be p(7). Suppose 214 + 294 = k*a. Is a prime?
False
Suppose 3*b = 3*c + 312, 0 = -2*b + b - 5*c + 80. Suppose -5*o - 4*j + 114 = 0, 0*o + 4*o + j - b = 0. Suppose -o - 4 = -3*x. Is x prime?
False
Suppose 4*s = 4*k + 1063 - 99, 3*k = -4*s - 751. Let q = -557 + 163. Let t = k - q. Is t prime?
True
Let d(x) = x**2 + x + 1. Let u be d(-3). Let b = u - -3. Let s(l) = -l**3 + 9*l**2 + 14*l - 14. Is s(b) prime?
False
Suppose 0 = -3*r - 19 - 26. Is r/(-2) + 2/(-4) a prime number?
True
Let k(i) = -3*i**3 + 3*i**2 + 3*i - 23. Let u(b) = -b**3 + b**2 + b - 1. Let x(d) = -k(d) + 4*u(d). Is x(0) prime?
True
Let k = 14 - 11. Suppose r - 4*r - k*u + 87 = 0, -149 = -5*r - 4*u. Is r prime?
False
Suppose -2*t + 370 = -104. Is t a prime number?
False
Let u(z) = -56*z - 46. Let m(f) = -11*f - 9. Let k(p) = 11*m(p) - 2*u(p). Is k(-5) composite?
True
Let q(m) = 7*m**2 + 3*m + 2. Let a be (-4 + 1)*(-8)/(-12). Let t be q(a). Let w = t - -13. Is w composite?
False
Is 506/4 - 1/(-2) prime?
True
Suppose -3*s - 9 = -2*l + 4*l, -2*l - 6 = 2*s. Suppose l = b - 6*b. Suppose 0*n + n - 5*g - 1 = b, 2*g - 8 = 0. Is n composite?
True
Suppose -n = -3*n + 4. Let v be n/((-2 - -1)/1). Is 172/8 + v/4 a composite number?
True
Let u = 0 + 0. Suppose 2*l + u*l = 62. Is l a prime number?
True
Let b(n) = n + 221. Let p(h) = -h - 4. Let j be p(-4). Is b(j) a composite number?
True
Is -5 - (-1 - 12294/2) a prime number?
True
Let a be -2 - -1 - 383/(-1). Let w = a - 219. Is w com